 9)?
52
What is the value of 6 + (12 - 26) + 37 - 4 - -14?
39
Evaluate (37 - (44 - 21) - (-2 - -2)) + (-2 - 0).
12
What is the value of 10 - 16 - 3 - (5 - (12 - 2)) - -60?
56
Evaluate 11 + -6 + (3 + 11 - 18) + -3.
-2
-324 + 309 + 1 + 30 + -3 + 0 + 103
116
Calculate (86 + -8 - -8) + -11 - 7 - (-10 - -16).
62
What is (45 - (99 - 33)) + (0 - -2 - -9)?
-10
What is the value of -43 + 66 + -14 + (1 - (-4 + 0)) + -3?
11
What is (22 - -1 - (-21 + 23)) + 8?
29
(-2 - 0) + (-74 - (14 + 0 + -37))
-53
What is 0 - (-4 - 15 - ((-146 - -10) + -2))?
-119
What is the value of (5 - 13 - -3) + -9 - 2?
-16
(0 - (-1 + 2)) + 11 + (102 - (514 - 393))
-9
Evaluate -129 + 1 + 10 + 158.
40
12 - (-2 + 7 + -2) - ((-48 - -149) + -39)
-53
Calculate (17 - (48 - -7)) + 25.
-13
Evaluate (-39 - -63) + -191 - (-54 + 8).
-121
What is (22 - 1) + -43 + 68 + -35 + -38?
-27
What is the value of 1 + -12 + (-1272 - -1277 - (0 + 1 - 77))?
70
Calculate (31 - -18) + -45 + 32.
36
Calculate -16 + 23 + 10 - (-8 - 1).
26
What is the value of (-47 - -11) + 6 + 3 + -1?
-28
Calculate 85 + 38 + -45 + -18.
60
What is (-2 - -101) + -2463 + 2392?
28
(82 - (-19 + 58) - 18) + -55
-30
What is 4 - 27 - -26 - 45 - 0?
-42
Calculate (-57 - -91) + 15 + -14.
35
Calculate -5 + (-36 - -25) + 15 + -2 + -38 + -10.
-51
6 - (-16 + 18 + 41)
-37
What is the value of 87 - (-37 + 97) - ((0 - -1) + 6)?
20
Evaluate (72 - ((-34 - -57) + 7)) + -12.
30
Evaluate -6 - (19 - (-32 - (-18 + 2) - -170)).
129
What is -16 - 0 - (-5 + -11) - 21?
-21
Evaluate -28 - -97 - (-4 - -35).
38
Calculate -10 - (7 + -18 + 12 - (1 - (3 - 7))).
-6
What is (3497 - 3490) + -4 + -68?
-65
What is 18 + 13 + 10 + -50?
-9
What is the value of 77 + (-4 - -3) - (23 - (52 - 25))?
80
What is 35 + 16 + -14 + 8 + -17 + 6?
34
What is -1 - 22 - ((-95 - 17) + 32)?
57
Calculate -29 - (121 - 51) - -104.
5
What is 313 - 348 - (-1 - 11)?
-23
Calculate 7 + 0 + -12 + -29 + (9 - -18).
-7
What is 109 + 41 - 94 - 24?
32
What is the value of -42 + 104 - 80 - (26 + 0)?
-44
What is -74 + 70 + (-53 - (-3 - (1 + 0)))?
-53
What is 15 - 2 - (-3 - (1 + -9 - (51 - 56)))?
13
Evaluate -96 + 41 - -3 - 11.
-63
Calculate 8 - 90 - (12 - 83).
-11
What is 11 + -83 + 22 + (17 - -2)?
-31
4 + -7 + 9 + (-42 - -35) - 2
-3
Evaluate 0 + (4 - (-27 + 39)) + 7 + (0 - -67).
66
Evaluate (3 - -1) + (11 + -40 - -11 - -11) - 0.
-3
Evaluate (-36 + 29 - -178) + -127.
44
What is 33 + (-13 + 8 - -4 - (-6 + 1))?
37
-8 + -3 + (-3 - 11 - -9) + 99
83
What is 47 - (-6 + -1 + 6 + (2 - -5) + -2)?
43
What is the value of -7 - -36 - (261 + -217)?
-15
9 - (1 - -3) - (861 - 799)
-57
Evaluate -5 - (3428 + -3437 + (-2 - (-2 - 0) - -3)).
1
What is (3 - 5 - (2 + (-32 - -21)) - 23) + -5?
-21
Calculate (-2 - (-17 + 30 + -5)) + 41 - -7.
38
Calculate -145 + 296 + -107 + (-163 - -2).
-117
Calculate 4 + -3 + (0 - -6) - (-104 - -87).
24
-17 + (91 - 64) + -84
-74
What is (-8 - -1 - 0 - (4 + 21)) + (2 - 0)?
-30
What is the value of -9 + 1 + (-10 + 1 + 50 - 8)?
25
Evaluate 71 + -16 + (37 - -9 - 15).
86
Evaluate -8 - (14 + -19) - (2 + 8).
-13
Evaluate 2 + -39 + -5 + 5 - (-1 - -4).
-40
(29 - -1) + (-83 - -7 - -67)
21
Calculate 1 + (1 - (13 + -1)) - (-254 + (122 - -69)).
53
What is (18 - (-1 - -14)) + -52 + -1 + 6?
-42
75 + (-5 - 31) + -73 + -1 + -7
-42
Evaluate (-4 - (-4 - 33)) + -2 + 12.
43
What is the value of (1 - 3) + (31 - (-3 + -6 + 39))?
-1
Evaluate 80 + (91 - 58) - 60.
53
What is the value of (6 - -2) + (1673 - 1682) + (1 - -70)?
70
Calculate 45 + (58 - (35 - -42)).
26
Calculate -9 - 16 - (-48 - -4) - (118 + 3).
-102
What is the value of (-175 - (118 + -208)) + 71?
-14
-2 + 125 - -1 - (739 + -741) - -1
127
Calculate -1 + (7 - (10 + -6 + 7)) + -22.
-27
What is -5 - (-1 - -2) - ((296 - -87) + -314)?
-75
What is -18 + -6 + (-5 - ((-11 - -18) + -13))?
-23
Calculate 27 - (2 + (-15 - 0) + 15 + -18).
43
-11 + (4 - (-59 - -15) - 16)
21
Calculate (73 - 91) + -6 + -24.
-48
What is the value of -16 + (41 - (-5 + -25))?
55
-105 - ((-103 - -77) + -47)
-32
What is (6 - -11) + -53 + 30?
-6
What is 11 + (136 - 99) + 80?
128
(-2 + 77 - 41) + 2 + 55
91
What is (-48 - (0 - -6)) + 23 + (-47 - -13)?
-65
Evaluate -45 + (5 - -12) + 3 - -14.
-11
What is the value of -38 - (-164 + 14 + 101)?
11
Evaluate 28 + ((-70 - -48) + 31 - 17).
20
Evaluate 16 + 3 + 0 - (16 - -24).
-21
What is the value of -32 + -5 + -26 + 11 + 15?
-37
Calculate (-20 + 1 - (-105 - -123 - 34)) + -47 + 0.
-50
Evaluate 49 - ((19 - 62) + 80).
12
63 + -132 + (105 - 45)
-9
Evaluate (-2 - 5 - 3) + (-44 - -45).
-9
-4 - (-5 + (4 - -26) + -57)
28
What is (6 - -3 - 5 - 19) + 15 + 0 + 47?
47
Evaluate 1040 - 1052 - (-2 + 4 + -59) - 9.
36
What is the value of 13 + 1 + (-20 - -13) + (-6 - -5)?
6
What is the value of (-5713 - -5845) + -1 + -50?
81
What is (2 - 1) + 50 - (14 + -41 - -58 - 19)?
39
Evaluate 5 + -28 + -28 + (-1 - -11) + 15.
-26
What is the value of 44 + (-112 - -34 - 13)?
-47
What is 2 - (-162 - -110 - -2)?
52
-35 - (-41 + 93) - (-1 - 15) - 22
-93
Evaluate -2 - -7 - (-73 + 1) - (-196 + 211).
62
Calculate 1 - (-164 + 151 - (-30 - 1)).
-17
What is the value of 28 + 3 + (21 - (-15 + 21)) + -15?
31
Evaluate -6 + (23 - (3 - 15)).
29
What is the value of 5 + -2 + -4 + ((11 - 27) + 30 - 4)?
9
Calculate -721 + 742 + (-2 - 21) + 70.
68
What is the value of (1 - 2) + -58 - (-31 - (-28 + -1))?
-57
What is 370 + -374 + 4 + (6 - 10)?
-4
What is 41 + 20 + -51 - -22?
32
Evaluate -19 + 83 + -81 - 4.
-21
1 + 0 + 9 + (7 - 3) + -17
-3
What is the value of (27 - -1 - -6) + (-30 + 17 - -30)?
51
0 + -9 - -23 - (92 + -119)
41
What is 14 + -38 + 49 + -5 - 17?
3
Evaluate 7 + 4 + 18 + -48 + -20.
-39
What is the value of -68 - -37 - (51 - 22 - 22)?
-38
Calculate -45 - (-31 - (-29 - -9)).
-34
What is (-7 + 17 - 10 - -3) + 5 + -6 - 33?
-31
Evaluate -37 + 40 + -51 - -30.
-18
Calculate -4 + (6 - 12 - -6) + (3 - 9).
-10
Calculate 8 - (12 - ((-10 - -21 - 9) + 10 + 96)).
104
Calculate 1 - -41 - (-38 + -11 + (29 - -32)).
30
What is 42 + (3 - 172) + -982 + 967?
-142
What is the value of 84 + (21 - 39 - -17) + (1 - 6) + 2?
80
What is 63 + 60 + -101 + 20?
42
(7 - (9 + -7 + 0)) + -7 + -31
-33
97 - 68 - (15 - -2 - 0)
12
What is the value of -86 + 39 + (-126 - -190)?
17
Evaluate 40 - 33 - ((3 - -8) + -1) - (5 + 12).
-20
Calculate -87 - ((-74 - 51) + -77).
115
Evaluate 21 + (1 - 1) + 8 + 32 + 32 + -77.
16
What is the value of (-9 - -21) + (39 - (5 + 7))?
39
What is -5 - (11 + -34 + -17) - (-2 + 14)?
23
(37 + 9 - (22 + -2)) + 19
45
Calculate (1294 - 1392) + (61 - -6).
-31
What is (-86 - -91) + (2 - -31) + (2 - (-2 - -5))?
37
What is the value of -2 - -1 - (-265 - -262) - 19?
-17
Evaluate 6 - (-64 + 44 + 64).
-38
Calculate -53 + -16 + -9 + 6 - -14.
-58
1 + (2 - 0) + (26 - 35) - 40 - -2
-44
-15 + (-8 - ((5 - 7) + -23)) - -47
49
Evaluate (-38 - (64 - 161)) + -17.
42
-2 + (19 - 21) + 6 - -15
17
Calculate (-4 - -1 - -12) + (22 - 22 - -16) + 11.
36
Calculate -67 - ((114 - 36) + -131).
-14
What is the value of 10 - (-9 - (-24 - -3)) - -3?
1
What is the value of (159 - 78) + -23 + (-1 - 2)?
55
Calculate -16 + (-165 - -161 - (-11 - 1)).
-8
Evaluate -34 + (7 - (-4 - 17)) + (0 - 23).
-29
What is (85 - (19 + 68)) + (13 - 1) - (0 - 46)?
56
Calculate (58 - (13 + -5 - (24 - (-4 + 9)))) + -2.
67
Evaluate 3 + (-38 - (-15 + (-1 - -6) - 0)) + 6.
-19
Calculate (-7 - (-11 - (4 - 9)) - -13) + (-149 - -272).
135
What is -430 - -432 - (-4 + -2 + 1) - (-4 - 17)?
28
What is (3 - 28) + 324 + -312?
-13
What is the value of 1 - (1 - -6) - (-5547 - -5476)?
65
Evaluate (30 - 40) + 14 - (-58 - -3 - (-5 + 0)).
54
What is the value of (-4 - -15) + (-3 + -8 - -21 - 38)?
-17
Calculate 31 + ((2 - 16) + 31 - 3) + -3.
42
What is the value of (1 - 42) + (-433 - -491)?
17
What is (-29 - -3) + -141 + 145 + 45?
23
Calculate -10 - (-1 + -1 - -2) - (-61 - (79 + -112)).
18
Evaluate (0 - -47) + (50 + -48 + 16 - 36).
29
(61 - (92 - -18) - 12) + -3 + (2 - 4)
-66
What is the value of 1 + 0 - -17 - (4 + (-22 - -4) + 13)?
19
Evaluate -1 + -9 + ((-53 - -4) + -2 - (-1222 + 1205)).
-44
71 + (83 - 91) + -58
5
Evaluate -9 - 1 - (44 + -44) - (-22 + 4 + 5).
3
-30 + 4 + -19 + 26 + 15
-4
(12 - -1) + (22 - (-32 + (-16 - -79))) + 46
50
What is the value of (3 - -46) + 102 + -90?
61
Evaluate -42 - (-15 - -13) - (-12 + (13 - 11)).
-30
27 - (-48 - (-33 + -73))
-31
Calculate (12 - 12